{"id":2074,"date":"2021-11-22T07:42:39","date_gmt":"2021-11-22T06:42:39","guid":{"rendered":"https:\/\/server462349.nazwa.pl\/wordpress\/wpn_p309bip\/?page_id=2074"},"modified":"2025-12-11T21:05:15","modified_gmt":"2025-12-11T20:05:15","slug":"przedmiot-dzialania","status":"publish","type":"page","link":"https:\/\/kta.edu.pl\/bip-przedszkole\/?page_id=2074","title":{"rendered":"Przedmiot dzia\u0142ania"},"content":{"rendered":"<p>Nasze przedszkole jest plac\u00f3wk\u0105 specjaln\u0105, ukierunkowana na prac\u0119 z osobami ze spektrum autyzmu. Wykorzystujemy specjalistyczne metody i formy pracy wzoruj\u0105c si\u0119 na trendach \u015bwiatowych. Posiadamy wieloletnie do\u015bwiadczenia w pracy z dzie\u0107mi z autyzmem i innymi zaburzeniami.<\/p>\n<p>Najwa\u017cniejszym celem w terapii jest dla nas podtrzymywanie interakcji z dzieckiem, szeroko rozumiana komunikacja oraz uspo\u0142ecznianie. Realizujemy te cele poprzez stosowanie r\u00f3\u017cnorodnych form i metod pracy.<\/p>\n<p>Du\u017cy nacisk k\u0142adziemy na wsp\u00f3\u0142prac\u0119 z domem rodzinnym dziecka. Rodzice s\u0105 bowiem nieod\u0142\u0105cznym ogniwem procesu terapeutycznego. Realizujemy to poprzez comiesi\u0119czne (lub cz\u0119stsze) konsultacje z rodzicami terapeuty indywidualnego, konsultacje ze specjalistami lub okresowe spotkania ca\u0142ego zespo\u0142u terapeutycznego. Organizujemy tak\u017ce warsztaty dla rodzic\u00f3w, spotkania i prelekcje, wycieczki integracyjne dla ca\u0142ych rodzin oraz spotkania okoliczno\u015bciowe. Proces terapeutyczny jest prowadzony przez ca\u0142y czas pobytu dziecka w przedszkolu.<\/p>\n<p>Obejmuje on wszelkie aktywno\u015bci dzieci zar\u00f3wno indywidualne, jak i grupowe. Prowadzony jest zgodnie z zaleceniami zawartymi w Orzeczeniu o potrzebie kszta\u0142cenia specjalnego oraz Opinii o potrzebie wczesnego wspomagania rozwoju w oparciu o zredagowany IPET oraz Projekt Terapeutyczny. Dokumenty te s\u0105 redagowane na podstawie Wielospecjalistycznej Oceny Poziomu Funkcjonowania Dziecka (tzw. WOPF), kt\u00f3ry jest efektem prowadzonego przez naszych specjalist\u00f3w procesu diagnostycznego.<\/p>\n","protected":false},"excerpt":{"rendered":"<p>Nasze przedszkole jest plac\u00f3wk\u0105 specjaln\u0105, ukierunkowana na prac\u0119 z osobami ze spektrum autyzmu. Wykorzystujemy specjalistyczne metody i formy pracy wzoruj\u0105c si\u0119 na trendach \u015bwiatowych. Posiadamy wieloletnie do\u015bwiadczenia w pracy z dzie\u0107mi z autyzmem i innymi zaburzeniami. Najwa\u017cniejszym celem w terapii jest dla nas podtrzymywanie interakcji z dzieckiem, szeroko rozumiana komunikacja [&hellip;]<\/p>\n","protected":false},"author":1,"featured_media":0,"parent":0,"menu_order":0,"comment_status":"closed","ping_status":"closed","template":"","meta":{"footnotes":""},"class_list":["post-2074","page","type-page","status-publish","hentry"],"yoast_head":"<!-- This site is optimized with the Yoast SEO plugin v27.3 - https:\/\/yoast.com\/product\/yoast-seo-wordpress\/ -->\n<title>Przedmiot dzia\u0142ania - Pierwsze Niepubliczne Przedszkole Terapeutyczne dla Dzieci z Autyzmem Krajowego Towarzystwa Autyzmu Oddzia\u0142 w Bydgoszczy<\/title>\n<meta name=\"robots\" content=\"index, follow, max-snippet:-1, max-image-preview:large, max-video-preview:-1\" \/>\n<link rel=\"canonical\" href=\"https:\/\/kta.edu.pl\/bip-przedszkole\/?page_id=2074\" \/>\n<meta property=\"og:locale\" content=\"pl_PL\" \/>\n<meta property=\"og:type\" content=\"article\" \/>\n<meta property=\"og:title\" content=\"Przedmiot dzia\u0142ania - Pierwsze Niepubliczne Przedszkole Terapeutyczne dla Dzieci z Autyzmem Krajowego Towarzystwa Autyzmu Oddzia\u0142 w Bydgoszczy\" \/>\n<meta property=\"og:description\" content=\"Nasze przedszkole jest plac\u00f3wk\u0105 specjaln\u0105, ukierunkowana na prac\u0119 z osobami ze spektrum autyzmu. Wykorzystujemy specjalistyczne metody i formy pracy wzoruj\u0105c si\u0119 na trendach \u015bwiatowych. Posiadamy wieloletnie do\u015bwiadczenia w pracy z dzie\u0107mi z autyzmem i innymi zaburzeniami. Najwa\u017cniejszym celem w terapii jest dla nas podtrzymywanie interakcji z dzieckiem, szeroko rozumiana komunikacja [&hellip;]\" \/>\n<meta property=\"og:url\" content=\"https:\/\/kta.edu.pl\/bip-przedszkole\/?page_id=2074\" \/>\n<meta property=\"og:site_name\" content=\"Pierwsze Niepubliczne Przedszkole Terapeutyczne dla Dzieci z Autyzmem Krajowego Towarzystwa Autyzmu Oddzia\u0142 w Bydgoszczy\" \/>\n<meta property=\"article:modified_time\" content=\"2025-12-11T20:05:15+00:00\" \/>\n<meta name=\"twitter:card\" content=\"summary_large_image\" \/>\n<meta name=\"twitter:label1\" content=\"Szacowany czas czytania\" \/>\n\t<meta name=\"twitter:data1\" content=\"2 minuty\" \/>\n<script type=\"application\/ld+json\" class=\"yoast-schema-graph\">{\"@context\":\"https:\\\/\\\/schema.org\",\"@graph\":[{\"@type\":\"WebPage\",\"@id\":\"https:\\\/\\\/kta.edu.pl\\\/bip-przedszkole\\\/?page_id=2074\",\"url\":\"https:\\\/\\\/kta.edu.pl\\\/bip-przedszkole\\\/?page_id=2074\",\"name\":\"Przedmiot dzia\u0142ania - Pierwsze Niepubliczne Przedszkole Terapeutyczne dla Dzieci z Autyzmem Krajowego Towarzystwa Autyzmu Oddzia\u0142 w Bydgoszczy\",\"isPartOf\":{\"@id\":\"https:\\\/\\\/kta.edu.pl\\\/bip-przedszkole\\\/#website\"},\"datePublished\":\"2021-11-22T06:42:39+00:00\",\"dateModified\":\"2025-12-11T20:05:15+00:00\",\"breadcrumb\":{\"@id\":\"https:\\\/\\\/kta.edu.pl\\\/bip-przedszkole\\\/?page_id=2074#breadcrumb\"},\"inLanguage\":\"pl-PL\",\"potentialAction\":[{\"@type\":\"ReadAction\",\"target\":[\"https:\\\/\\\/kta.edu.pl\\\/bip-przedszkole\\\/?page_id=2074\"]}]},{\"@type\":\"BreadcrumbList\",\"@id\":\"https:\\\/\\\/kta.edu.pl\\\/bip-przedszkole\\\/?page_id=2074#breadcrumb\",\"itemListElement\":[{\"@type\":\"ListItem\",\"position\":1,\"name\":\"Home\",\"item\":\"https:\\\/\\\/kta.edu.pl\\\/bip-przedszkole\\\/\"},{\"@type\":\"ListItem\",\"position\":2,\"name\":\"Przedmiot dzia\u0142ania\"}]},{\"@type\":\"WebSite\",\"@id\":\"https:\\\/\\\/kta.edu.pl\\\/bip-przedszkole\\\/#website\",\"url\":\"https:\\\/\\\/kta.edu.pl\\\/bip-przedszkole\\\/\",\"name\":\"Pierwsze Niepubliczne Przedszkole Terapeutyczne dla Dzieci z Autyzmem Krajowego Towarzystwa Autyzmu Oddzia\u0142 w Bydgoszczy\",\"description\":\"Witamy\",\"potentialAction\":[{\"@type\":\"SearchAction\",\"target\":{\"@type\":\"EntryPoint\",\"urlTemplate\":\"https:\\\/\\\/kta.edu.pl\\\/bip-przedszkole\\\/?s={search_term_string}\"},\"query-input\":{\"@type\":\"PropertyValueSpecification\",\"valueRequired\":true,\"valueName\":\"search_term_string\"}}],\"inLanguage\":\"pl-PL\"}]}<\/script>\n<!-- \/ Yoast SEO plugin. -->","yoast_head_json":{"title":"Przedmiot dzia\u0142ania - Pierwsze Niepubliczne Przedszkole Terapeutyczne dla Dzieci z Autyzmem Krajowego Towarzystwa Autyzmu Oddzia\u0142 w Bydgoszczy","robots":{"index":"index","follow":"follow","max-snippet":"max-snippet:-1","max-image-preview":"max-image-preview:large","max-video-preview":"max-video-preview:-1"},"canonical":"https:\/\/kta.edu.pl\/bip-przedszkole\/?page_id=2074","og_locale":"pl_PL","og_type":"article","og_title":"Przedmiot dzia\u0142ania - Pierwsze Niepubliczne Przedszkole Terapeutyczne dla Dzieci z Autyzmem Krajowego Towarzystwa Autyzmu Oddzia\u0142 w Bydgoszczy","og_description":"Nasze przedszkole jest plac\u00f3wk\u0105 specjaln\u0105, ukierunkowana na prac\u0119 z osobami ze spektrum autyzmu. Wykorzystujemy specjalistyczne metody i formy pracy wzoruj\u0105c si\u0119 na trendach \u015bwiatowych. Posiadamy wieloletnie do\u015bwiadczenia w pracy z dzie\u0107mi z autyzmem i innymi zaburzeniami. Najwa\u017cniejszym celem w terapii jest dla nas podtrzymywanie interakcji z dzieckiem, szeroko rozumiana komunikacja [&hellip;]","og_url":"https:\/\/kta.edu.pl\/bip-przedszkole\/?page_id=2074","og_site_name":"Pierwsze Niepubliczne Przedszkole Terapeutyczne dla Dzieci z Autyzmem Krajowego Towarzystwa Autyzmu Oddzia\u0142 w Bydgoszczy","article_modified_time":"2025-12-11T20:05:15+00:00","twitter_card":"summary_large_image","twitter_misc":{"Szacowany czas czytania":"2 minuty"},"schema":{"@context":"https:\/\/schema.org","@graph":[{"@type":"WebPage","@id":"https:\/\/kta.edu.pl\/bip-przedszkole\/?page_id=2074","url":"https:\/\/kta.edu.pl\/bip-przedszkole\/?page_id=2074","name":"Przedmiot dzia\u0142ania - Pierwsze Niepubliczne Przedszkole Terapeutyczne dla Dzieci z Autyzmem Krajowego Towarzystwa Autyzmu Oddzia\u0142 w Bydgoszczy","isPartOf":{"@id":"https:\/\/kta.edu.pl\/bip-przedszkole\/#website"},"datePublished":"2021-11-22T06:42:39+00:00","dateModified":"2025-12-11T20:05:15+00:00","breadcrumb":{"@id":"https:\/\/kta.edu.pl\/bip-przedszkole\/?page_id=2074#breadcrumb"},"inLanguage":"pl-PL","potentialAction":[{"@type":"ReadAction","target":["https:\/\/kta.edu.pl\/bip-przedszkole\/?page_id=2074"]}]},{"@type":"BreadcrumbList","@id":"https:\/\/kta.edu.pl\/bip-przedszkole\/?page_id=2074#breadcrumb","itemListElement":[{"@type":"ListItem","position":1,"name":"Home","item":"https:\/\/kta.edu.pl\/bip-przedszkole\/"},{"@type":"ListItem","position":2,"name":"Przedmiot dzia\u0142ania"}]},{"@type":"WebSite","@id":"https:\/\/kta.edu.pl\/bip-przedszkole\/#website","url":"https:\/\/kta.edu.pl\/bip-przedszkole\/","name":"Pierwsze Niepubliczne Przedszkole Terapeutyczne dla Dzieci z Autyzmem Krajowego Towarzystwa Autyzmu Oddzia\u0142 w Bydgoszczy","description":"Witamy","potentialAction":[{"@type":"SearchAction","target":{"@type":"EntryPoint","urlTemplate":"https:\/\/kta.edu.pl\/bip-przedszkole\/?s={search_term_string}"},"query-input":{"@type":"PropertyValueSpecification","valueRequired":true,"valueName":"search_term_string"}}],"inLanguage":"pl-PL"}]}},"_links":{"self":[{"href":"https:\/\/kta.edu.pl\/bip-przedszkole\/index.php?rest_route=\/wp\/v2\/pages\/2074","targetHints":{"allow":["GET"]}}],"collection":[{"href":"https:\/\/kta.edu.pl\/bip-przedszkole\/index.php?rest_route=\/wp\/v2\/pages"}],"about":[{"href":"https:\/\/kta.edu.pl\/bip-przedszkole\/index.php?rest_route=\/wp\/v2\/types\/page"}],"author":[{"embeddable":true,"href":"https:\/\/kta.edu.pl\/bip-przedszkole\/index.php?rest_route=\/wp\/v2\/users\/1"}],"replies":[{"embeddable":true,"href":"https:\/\/kta.edu.pl\/bip-przedszkole\/index.php?rest_route=%2Fwp%2Fv2%2Fcomments&post=2074"}],"version-history":[{"count":5,"href":"https:\/\/kta.edu.pl\/bip-przedszkole\/index.php?rest_route=\/wp\/v2\/pages\/2074\/revisions"}],"predecessor-version":[{"id":2172,"href":"https:\/\/kta.edu.pl\/bip-przedszkole\/index.php?rest_route=\/wp\/v2\/pages\/2074\/revisions\/2172"}],"wp:attachment":[{"href":"https:\/\/kta.edu.pl\/bip-przedszkole\/index.php?rest_route=%2Fwp%2Fv2%2Fmedia&parent=2074"}],"curies":[{"name":"wp","href":"https:\/\/api.w.org\/{rel}","templated":true}]}}